{"id":18249,"date":"2025-01-16T04:18:18","date_gmt":"2025-01-16T04:18:18","guid":{"rendered":"https:\/\/drlouis.us\/louis-lab\/?page_id=18249"},"modified":"2025-01-18T22:34:04","modified_gmt":"2025-01-18T22:34:04","slug":"luis-pena-levano","status":"publish","type":"page","link":"https:\/\/drlouis.us\/louis-lab\/our-team\/luis-pena-levano\/","title":{"rendered":"Luis Pe\u00f1a L\u00e9vano"},"content":{"rendered":"\t\t<div data-elementor-type=\"wp-page\" data-elementor-id=\"18249\" class=\"elementor elementor-18249\">\n\t\t\t\t<div class=\"wd-negative-gap elementor-element elementor-element-d80506f wd-section-stretch e-flex e-con-boxed e-con e-parent\" data-id=\"d80506f\" data-element_type=\"container\" data-e-type=\"container\" data-settings=\"{&quot;background_background&quot;:&quot;classic&quot;}\">\n\t\t\t\t\t<div class=\"e-con-inner\">\n\t\t\t\t<div class=\"elementor-element elementor-element-ef50652 elementor-widget elementor-widget-heading\" data-id=\"ef50652\" data-element_type=\"widget\" data-e-type=\"widget\" data-widget_type=\"heading.default\">\n\t\t\t\t<div class=\"elementor-widget-container\">\n\t\t\t\t\t<h2 class=\"elementor-heading-title elementor-size-default\">Team Work<\/h2>\t\t\t\t<\/div>\n\t\t\t\t<\/div>\n\t\t\t\t\t<\/div>\n\t\t\t\t<\/div>\n\t\t<div class=\"elementor-element elementor-element-42ce055 e-con-full e-flex e-con e-child\" data-id=\"42ce055\" data-element_type=\"container\" data-e-type=\"container\">\n\t\t<div class=\"elementor-element elementor-element-cb5cb8a e-con-full e-flex e-con e-child\" data-id=\"cb5cb8a\" data-element_type=\"container\" data-e-type=\"container\">\n\t\t<div class=\"elementor-element elementor-element-c26381d e-con-full e-flex e-con e-child\" data-id=\"c26381d\" data-element_type=\"container\" data-e-type=\"container\">\n\t\t\t\t<div class=\"elementor-element elementor-element-05cc121 elementor-widget__width-initial elementor-widget elementor-widget-image\" data-id=\"05cc121\" data-element_type=\"widget\" data-e-type=\"widget\" data-widget_type=\"image.default\">\n\t\t\t\t<div class=\"elementor-widget-container\">\n\t\t\t\t\t\t\t\t\t\t\t\t\t\t\t<img decoding=\"async\" width=\"118\" height=\"20\" src=\"https:\/\/drlouis.us\/louis-lab\/wp-content\/uploads\/2025\/01\/image-179.png\" class=\"attachment-large size-large wp-image-15827\" alt=\"\" srcset=\"https:\/\/drlouis.us\/louis-lab\/wp-content\/uploads\/2025\/01\/image-179.png 118w, https:\/\/drlouis.us\/louis-lab\/wp-content\/uploads\/2025\/01\/elementor\/thumbs\/image-179-qzivo9yapxk201me04efbtyejxo4v6rmxijuamitr8.png 59w\" sizes=\"(max-width: 118px) 100vw, 118px\" \/>\t\t\t\t\t\t\t\t\t\t\t\t\t\t\t<\/div>\n\t\t\t\t<\/div>\n\t\t<div class=\"elementor-element elementor-element-8f00069 e-grid e-con-full e-con e-child\" data-id=\"8f00069\" data-element_type=\"container\" data-e-type=\"container\">\n\t\t\t\t<div class=\"elementor-element elementor-element-b418417 elementor-widget__width-initial elementor-widget elementor-widget-heading\" data-id=\"b418417\" data-element_type=\"widget\" data-e-type=\"widget\" data-widget_type=\"heading.default\">\n\t\t\t\t<div class=\"elementor-widget-container\">\n\t\t\t\t\t<h3 class=\"elementor-heading-title elementor-size-default\">Luis Pe\u00f1a L\u00e9vano<\/h3>\t\t\t\t<\/div>\n\t\t\t\t<\/div>\n\t\t\t\t<div class=\"elementor-element elementor-element-97afd2b elementor-widget__width-inherit elementor-widget elementor-widget-wd_image_or_svg\" data-id=\"97afd2b\" data-element_type=\"widget\" data-e-type=\"widget\" data-widget_type=\"wd_image_or_svg.default\">\n\t\t\t\t<div class=\"elementor-widget-container\">\n\t\t\t\t\t\n\t\t<div class=\"wd-image text-right\">\n\t\t\t\t\t\t\t\t<img decoding=\"async\" width=\"33\" height=\"33\" src=\"https:\/\/drlouis.us\/louis-lab\/wp-content\/uploads\/2025\/01\/58f6a56dc0864ed11073e95f20cabae2-33x33.png\" class=\"attachment-33x33 size-33x33\" alt=\"\" srcset=\"https:\/\/drlouis.us\/louis-lab\/wp-content\/uploads\/2025\/01\/58f6a56dc0864ed11073e95f20cabae2-33x33.png 33w, https:\/\/drlouis.us\/louis-lab\/wp-content\/uploads\/2025\/01\/58f6a56dc0864ed11073e95f20cabae2-300x300.png 300w, https:\/\/drlouis.us\/louis-lab\/wp-content\/uploads\/2025\/01\/58f6a56dc0864ed11073e95f20cabae2-150x150.png 150w, https:\/\/drlouis.us\/louis-lab\/wp-content\/uploads\/2025\/01\/58f6a56dc0864ed11073e95f20cabae2-430x430.png 430w, https:\/\/drlouis.us\/louis-lab\/wp-content\/uploads\/2025\/01\/58f6a56dc0864ed11073e95f20cabae2.png 512w\" sizes=\"(max-width: 33px) 100vw, 33px\" \/>\t\t\t\t\t<\/div>\n\n\t\t\t\t\t\t<\/div>\n\t\t\t\t<\/div>\n\t\t\t\t<\/div>\n\t\t\t\t<div class=\"elementor-element elementor-element-a9d5c7b elementor-widget__width-initial color-scheme-inherit text-left elementor-widget elementor-widget-text-editor\" data-id=\"a9d5c7b\" data-element_type=\"widget\" data-e-type=\"widget\" data-widget_type=\"text-editor.default\">\n\t\t\t\t<div class=\"elementor-widget-container\">\n\t\t\t\t\t\t\t\t\tAssistant Professor of CE in Dairy Economics\t\t\t\t\t\t\t\t<\/div>\n\t\t\t\t<\/div>\n\t\t\t\t<div class=\"elementor-element elementor-element-b0b9915 elementor-widget__width-initial color-scheme-inherit text-left elementor-widget elementor-widget-text-editor\" data-id=\"b0b9915\" data-element_type=\"widget\" data-e-type=\"widget\" data-widget_type=\"text-editor.default\">\n\t\t\t\t<div class=\"elementor-widget-container\">\n\t\t\t\t\t\t\t\t\t<p>Dr. Luis Pe\u00f1a-L\u00e9vano is an assistant professor in Dairy Cattle Production, Health, and Management Economics at UC Davis, in the School of Veterinary Medicine. He holds a PhD in Agricultural Economics from Purdue University, specializing in International Trade and Environmental Economics, with a focus on climate change&#8217;s impact on food security and agriculture. Luis is the founder of the Louis Dairy Econ Lab and an expert in dairy economics, benefit-cost analysis, agribusiness, and environmental economics. He has received prestigious recognitions including the Rising Star Award at the IFAMA conference in New Zealand, the EAERE Best Paper in Environmental and Resource Economics, the Outstanding Young Scholar Award by the FAMPS section of the AAEA, among many others.<\/p>\t\t\t\t\t\t\t\t<\/div>\n\t\t\t\t<\/div>\n\t\t\t\t<\/div>\n\t\t\t\t<\/div>\n\t\t<div class=\"elementor-element elementor-element-99a9d00 e-con-full e-flex e-con e-child\" data-id=\"99a9d00\" data-element_type=\"container\" data-e-type=\"container\">\n\t\t\t\t<div class=\"elementor-element elementor-element-077491b elementor-widget__width-initial elementor-widget-mobile__width-inherit e-transform elementor-widget elementor-widget-image\" data-id=\"077491b\" data-element_type=\"widget\" data-e-type=\"widget\" data-settings=\"{&quot;_transform_rotateZ_effect&quot;:{&quot;unit&quot;:&quot;px&quot;,&quot;size&quot;:&quot;&quot;,&quot;sizes&quot;:[]},&quot;_transform_rotateZ_effect_tablet&quot;:{&quot;unit&quot;:&quot;deg&quot;,&quot;size&quot;:&quot;&quot;,&quot;sizes&quot;:[]},&quot;_transform_rotateZ_effect_mobile&quot;:{&quot;unit&quot;:&quot;deg&quot;,&quot;size&quot;:&quot;&quot;,&quot;sizes&quot;:[]}}\" data-widget_type=\"image.default\">\n\t\t\t\t<div class=\"elementor-widget-container\">\n\t\t\t\t\t\t\t\t\t\t\t\t\t\t\t<img fetchpriority=\"high\" decoding=\"async\" width=\"512\" height=\"710\" src=\"https:\/\/drlouis.us\/louis-lab\/wp-content\/uploads\/2025\/01\/drt.jpg\" class=\"attachment-2048x2048 size-2048x2048 wp-image-17060\" alt=\"\" srcset=\"https:\/\/drlouis.us\/louis-lab\/wp-content\/uploads\/2025\/01\/drt.jpg 512w, https:\/\/drlouis.us\/louis-lab\/wp-content\/uploads\/2025\/01\/drt-216x300.jpg 216w, https:\/\/drlouis.us\/louis-lab\/wp-content\/uploads\/2025\/01\/drt-430x596.jpg 430w, https:\/\/drlouis.us\/louis-lab\/wp-content\/uploads\/2025\/01\/drt-150x208.jpg 150w\" sizes=\"(max-width: 512px) 100vw, 512px\" \/>\t\t\t\t\t\t\t\t\t\t\t\t\t\t\t<\/div>\n\t\t\t\t<\/div>\n\t\t\t\t<\/div>\n\t\t\t\t<\/div>\n\t\t<div class=\"wd-negative-gap elementor-element elementor-element-734db57 wd-section-stretch e-flex e-con-boxed e-con e-parent\" data-id=\"734db57\" data-element_type=\"container\" data-e-type=\"container\" data-settings=\"{&quot;background_background&quot;:&quot;classic&quot;}\">\n\t\t\t\t\t<div class=\"e-con-inner\">\n\t\t\t\t<div class=\"elementor-element elementor-element-f4377e5 elementor-widget elementor-widget-wd_text_block\" data-id=\"f4377e5\" data-element_type=\"widget\" data-e-type=\"widget\" data-widget_type=\"wd_text_block.default\">\n\t\t\t\t<div class=\"elementor-widget-container\">\n\t\t\t\t\t\t\t<div class=\"wd-text-block reset-last-child text-left\">\n\t\t\t\n\t\t\t<p>Continue watching:<span style=\"font-size: 22px; text-align: var(--text-align);\"><\/span><\/p>\n\t\t\t\t\t<\/div>\n\t\t\t\t\t\t<\/div>\n\t\t\t\t<\/div>\n\t\t\t\t\t<\/div>\n\t\t\t\t<\/div>\n\t\t<div class=\"wd-negative-gap elementor-element elementor-element-3f1df19 wd-section-stretch e-flex e-con-boxed e-con e-child\" data-id=\"3f1df19\" data-element_type=\"container\" data-e-type=\"container\" data-settings=\"{&quot;background_background&quot;:&quot;classic&quot;}\">\n\t\t\t\t\t<div class=\"e-con-inner\">\n\t\t<div class=\"elementor-element elementor-element-48712e5 e-con-full e-flex e-con e-child\" data-id=\"48712e5\" data-element_type=\"container\" data-e-type=\"container\" data-settings=\"{&quot;background_background&quot;:&quot;classic&quot;}\">\n\t\t<div class=\"elementor-element elementor-element-3c4aa8c e-con-full e-flex e-con e-child\" data-id=\"3c4aa8c\" data-element_type=\"container\" data-e-type=\"container\" data-settings=\"{&quot;background_background&quot;:&quot;classic&quot;}\">\n\t\t\t\t<div class=\"elementor-element elementor-element-5d25598 elementor-widget__width-initial elementor-widget elementor-widget-image\" data-id=\"5d25598\" data-element_type=\"widget\" data-e-type=\"widget\" data-widget_type=\"image.default\">\n\t\t\t\t<div class=\"elementor-widget-container\">\n\t\t\t\t\t\t\t\t\t\t\t\t\t\t\t<img loading=\"lazy\" decoding=\"async\" width=\"376\" height=\"375\" src=\"https:\/\/drlouis.us\/louis-lab\/wp-content\/uploads\/2025\/01\/image-82.png\" class=\"attachment-large size-large wp-image-15911\" alt=\"\" srcset=\"https:\/\/drlouis.us\/louis-lab\/wp-content\/uploads\/2025\/01\/image-82.png 376w, https:\/\/drlouis.us\/louis-lab\/wp-content\/uploads\/2025\/01\/image-82-301x300.png 301w, https:\/\/drlouis.us\/louis-lab\/wp-content\/uploads\/2025\/01\/image-82-150x150.png 150w, https:\/\/drlouis.us\/louis-lab\/wp-content\/uploads\/2025\/01\/elementor\/thumbs\/image-82-qzivo9ybajlghfr57aczavdc89ouyljpd9llz8g23o.png 106w\" sizes=\"(max-width: 376px) 100vw, 376px\" \/>\t\t\t\t\t\t\t\t\t\t\t\t\t\t\t<\/div>\n\t\t\t\t<\/div>\n\t\t\t\t<div class=\"elementor-element elementor-element-dae5797 elementor-widget__width-initial elementor-widget elementor-widget-image\" data-id=\"dae5797\" data-element_type=\"widget\" data-e-type=\"widget\" data-widget_type=\"image.default\">\n\t\t\t\t<div class=\"elementor-widget-container\">\n\t\t\t\t\t\t\t\t\t\t\t\t\t\t\t<img loading=\"lazy\" decoding=\"async\" width=\"200\" height=\"50\" src=\"https:\/\/drlouis.us\/louis-lab\/wp-content\/uploads\/2025\/01\/image-83.png\" class=\"attachment-large size-large wp-image-15848\" alt=\"\" srcset=\"https:\/\/drlouis.us\/louis-lab\/wp-content\/uploads\/2025\/01\/image-83.png 200w, https:\/\/drlouis.us\/louis-lab\/wp-content\/uploads\/2025\/01\/image-83-150x38.png 150w, https:\/\/drlouis.us\/louis-lab\/wp-content\/uploads\/2025\/01\/elementor\/thumbs\/image-83-qzivo9yb2neiw1n1jo9y3abtser6ylgozucic11vj0.png 88w\" sizes=\"(max-width: 200px) 100vw, 200px\" \/>\t\t\t\t\t\t\t\t\t\t\t\t\t\t\t<\/div>\n\t\t\t\t<\/div>\n\t\t\t\t<div class=\"elementor-element elementor-element-c5392e8 elementor-widget elementor-widget-heading\" data-id=\"c5392e8\" data-element_type=\"widget\" data-e-type=\"widget\" data-widget_type=\"heading.default\">\n\t\t\t\t<div class=\"elementor-widget-container\">\n\t\t\t\t\t<h4 class=\"elementor-heading-title elementor-size-default\">Fernando Garc\u00eda C., PH.D\n<\/h4>\t\t\t\t<\/div>\n\t\t\t\t<\/div>\n\t\t\t\t<div class=\"elementor-element elementor-element-ca3e03a elementor-widget__width-initial txt_ajustable elementor-widget elementor-widget-heading\" data-id=\"ca3e03a\" data-element_type=\"widget\" data-e-type=\"widget\" data-widget_type=\"heading.default\">\n\t\t\t\t<div class=\"elementor-widget-container\">\n\t\t\t\t\t<p class=\"elementor-heading-title elementor-size-default\">Postdoctoral Scholar in \nDairy Economics<\/p>\t\t\t\t<\/div>\n\t\t\t\t<\/div>\n\t\t\t\t<div class=\"elementor-element elementor-element-8aa3db0 elementor-align-center elementor-widget elementor-widget-button\" data-id=\"8aa3db0\" data-element_type=\"widget\" data-e-type=\"widget\" data-widget_type=\"button.default\">\n\t\t\t\t<div class=\"elementor-widget-container\">\n\t\t\t\t\t\t\t\t\t<div class=\"elementor-button-wrapper\">\n\t\t\t\t\t<a class=\"elementor-button elementor-button-link elementor-size-sm\" href=\"https:\/\/drlouis.us\/louis-lab\/our-team\/fernando-garcia\">\n\t\t\t\t\t\t<span class=\"elementor-button-content-wrapper\">\n\t\t\t\t\t\t\t\t\t<span class=\"elementor-button-text\">View <\/span>\n\t\t\t\t\t<\/span>\n\t\t\t\t\t<\/a>\n\t\t\t\t<\/div>\n\t\t\t\t\t\t\t\t<\/div>\n\t\t\t\t<\/div>\n\t\t\t\t<\/div>\n\t\t<div class=\"elementor-element elementor-element-046f1a8 e-con-full e-flex e-con e-child\" data-id=\"046f1a8\" data-element_type=\"container\" data-e-type=\"container\">\n\t\t\t\t<\/div>\n\t\t<div class=\"elementor-element elementor-element-02964f1 e-con-full e-flex e-con e-child\" data-id=\"02964f1\" data-element_type=\"container\" data-e-type=\"container\" data-settings=\"{&quot;background_background&quot;:&quot;classic&quot;}\">\n\t\t\t\t<div class=\"elementor-element elementor-element-f6358fe elementor-widget__width-initial elementor-widget elementor-widget-image\" data-id=\"f6358fe\" data-element_type=\"widget\" data-e-type=\"widget\" data-widget_type=\"image.default\">\n\t\t\t\t<div class=\"elementor-widget-container\">\n\t\t\t\t\t\t\t\t\t\t\t\t\t\t\t<img loading=\"lazy\" decoding=\"async\" width=\"217\" height=\"216\" src=\"https:\/\/drlouis.us\/louis-lab\/wp-content\/uploads\/2025\/01\/image-201.png\" class=\"attachment-large size-large wp-image-16406\" alt=\"\" srcset=\"https:\/\/drlouis.us\/louis-lab\/wp-content\/uploads\/2025\/01\/image-201.png 217w, https:\/\/drlouis.us\/louis-lab\/wp-content\/uploads\/2025\/01\/image-201-150x149.png 150w, https:\/\/drlouis.us\/louis-lab\/wp-content\/uploads\/2025\/01\/elementor\/thumbs\/image-201-qzivo9ybajlghfr57aczavdc89ouyljpd9llz8g23o.png 106w\" sizes=\"(max-width: 217px) 100vw, 217px\" \/>\t\t\t\t\t\t\t\t\t\t\t\t\t\t\t<\/div>\n\t\t\t\t<\/div>\n\t\t\t\t<div class=\"elementor-element elementor-element-97463ec elementor-widget__width-initial elementor-widget elementor-widget-image\" data-id=\"97463ec\" data-element_type=\"widget\" data-e-type=\"widget\" data-widget_type=\"image.default\">\n\t\t\t\t<div class=\"elementor-widget-container\">\n\t\t\t\t\t\t\t\t\t\t\t\t\t\t\t<img loading=\"lazy\" decoding=\"async\" width=\"200\" height=\"50\" src=\"https:\/\/drlouis.us\/louis-lab\/wp-content\/uploads\/2025\/01\/image-83.png\" class=\"attachment-large size-large wp-image-15848\" alt=\"\" srcset=\"https:\/\/drlouis.us\/louis-lab\/wp-content\/uploads\/2025\/01\/image-83.png 200w, https:\/\/drlouis.us\/louis-lab\/wp-content\/uploads\/2025\/01\/image-83-150x38.png 150w, https:\/\/drlouis.us\/louis-lab\/wp-content\/uploads\/2025\/01\/elementor\/thumbs\/image-83-qzivo9yb2neiw1n1jo9y3abtser6ylgozucic11vj0.png 88w\" sizes=\"(max-width: 200px) 100vw, 200px\" \/>\t\t\t\t\t\t\t\t\t\t\t\t\t\t\t<\/div>\n\t\t\t\t<\/div>\n\t\t\t\t<div class=\"elementor-element elementor-element-b76bf5a elementor-widget elementor-widget-heading\" data-id=\"b76bf5a\" data-element_type=\"widget\" data-e-type=\"widget\" data-widget_type=\"heading.default\">\n\t\t\t\t<div class=\"elementor-widget-container\">\n\t\t\t\t\t<h4 class=\"elementor-heading-title elementor-size-default\">Karl - Friedrich Boy, Ph.D.<\/h4>\t\t\t\t<\/div>\n\t\t\t\t<\/div>\n\t\t\t\t<div class=\"elementor-element elementor-element-e97c019 elementor-widget__width-initial txt_ajustable elementor-widget elementor-widget-heading\" data-id=\"e97c019\" data-element_type=\"widget\" data-e-type=\"widget\" data-widget_type=\"heading.default\">\n\t\t\t\t<div class=\"elementor-widget-container\">\n\t\t\t\t\t<p class=\"elementor-heading-title elementor-size-default\">Research Fellow in Dairy \nEconomics<\/p>\t\t\t\t<\/div>\n\t\t\t\t<\/div>\n\t\t\t\t<div class=\"elementor-element elementor-element-4e98762 elementor-align-center elementor-widget elementor-widget-button\" data-id=\"4e98762\" data-element_type=\"widget\" data-e-type=\"widget\" data-widget_type=\"button.default\">\n\t\t\t\t<div class=\"elementor-widget-container\">\n\t\t\t\t\t\t\t\t\t<div class=\"elementor-button-wrapper\">\n\t\t\t\t\t<a class=\"elementor-button elementor-button-link elementor-size-sm\" href=\"https:\/\/drlouis.us\/louis-lab\/our-team\/karl-friedrich-boy-ph-d\">\n\t\t\t\t\t\t<span class=\"elementor-button-content-wrapper\">\n\t\t\t\t\t\t\t\t\t<span class=\"elementor-button-text\">View <\/span>\n\t\t\t\t\t<\/span>\n\t\t\t\t\t<\/a>\n\t\t\t\t<\/div>\n\t\t\t\t\t\t\t\t<\/div>\n\t\t\t\t<\/div>\n\t\t\t\t<\/div>\n\t\t<div class=\"elementor-element elementor-element-5bc209f e-con-full e-flex e-con e-child\" data-id=\"5bc209f\" data-element_type=\"container\" data-e-type=\"container\">\n\t\t\t\t<\/div>\n\t\t<div class=\"elementor-element elementor-element-2a896c7 e-con-full e-flex e-con e-child\" data-id=\"2a896c7\" data-element_type=\"container\" data-e-type=\"container\" data-settings=\"{&quot;background_background&quot;:&quot;classic&quot;}\">\n\t\t\t\t<div class=\"elementor-element elementor-element-65ab4e2 elementor-widget__width-initial elementor-widget elementor-widget-image\" data-id=\"65ab4e2\" data-element_type=\"widget\" data-e-type=\"widget\" data-widget_type=\"image.default\">\n\t\t\t\t<div class=\"elementor-widget-container\">\n\t\t\t\t\t\t\t\t\t\t\t\t\t\t\t<img loading=\"lazy\" decoding=\"async\" width=\"375\" height=\"375\" src=\"https:\/\/drlouis.us\/louis-lab\/wp-content\/uploads\/2025\/01\/image-88.png\" class=\"attachment-large size-large wp-image-15914\" alt=\"\" srcset=\"https:\/\/drlouis.us\/louis-lab\/wp-content\/uploads\/2025\/01\/image-88.png 375w, https:\/\/drlouis.us\/louis-lab\/wp-content\/uploads\/2025\/01\/image-88-300x300.png 300w, https:\/\/drlouis.us\/louis-lab\/wp-content\/uploads\/2025\/01\/image-88-150x150.png 150w, https:\/\/drlouis.us\/louis-lab\/wp-content\/uploads\/2025\/01\/elementor\/thumbs\/image-88-qzivo9ybajlghfr57aczavdc89ouyljpd9llz8g23o.png 106w\" sizes=\"(max-width: 375px) 100vw, 375px\" \/>\t\t\t\t\t\t\t\t\t\t\t\t\t\t\t<\/div>\n\t\t\t\t<\/div>\n\t\t\t\t<div class=\"elementor-element elementor-element-8d70d18 elementor-widget__width-initial elementor-widget elementor-widget-image\" data-id=\"8d70d18\" data-element_type=\"widget\" data-e-type=\"widget\" data-widget_type=\"image.default\">\n\t\t\t\t<div class=\"elementor-widget-container\">\n\t\t\t\t\t\t\t\t\t\t\t\t\t\t\t<img loading=\"lazy\" decoding=\"async\" width=\"200\" height=\"50\" src=\"https:\/\/drlouis.us\/louis-lab\/wp-content\/uploads\/2025\/01\/image-83.png\" class=\"attachment-large size-large wp-image-15848\" alt=\"\" srcset=\"https:\/\/drlouis.us\/louis-lab\/wp-content\/uploads\/2025\/01\/image-83.png 200w, https:\/\/drlouis.us\/louis-lab\/wp-content\/uploads\/2025\/01\/image-83-150x38.png 150w, https:\/\/drlouis.us\/louis-lab\/wp-content\/uploads\/2025\/01\/elementor\/thumbs\/image-83-qzivo9yb2neiw1n1jo9y3abtser6ylgozucic11vj0.png 88w\" sizes=\"(max-width: 200px) 100vw, 200px\" \/>\t\t\t\t\t\t\t\t\t\t\t\t\t\t\t<\/div>\n\t\t\t\t<\/div>\n\t\t\t\t<div class=\"elementor-element elementor-element-d5384e7 elementor-widget elementor-widget-heading\" data-id=\"d5384e7\" data-element_type=\"widget\" data-e-type=\"widget\" data-widget_type=\"heading.default\">\n\t\t\t\t<div class=\"elementor-widget-container\">\n\t\t\t\t\t<h4 class=\"elementor-heading-title elementor-size-default\">Victor Queirolo<\/h4>\t\t\t\t<\/div>\n\t\t\t\t<\/div>\n\t\t\t\t<div class=\"elementor-element elementor-element-673ef07 elementor-widget__width-initial txt_ajustable elementor-widget elementor-widget-heading\" data-id=\"673ef07\" data-element_type=\"widget\" data-e-type=\"widget\" data-widget_type=\"heading.default\">\n\t\t\t\t<div class=\"elementor-widget-container\">\n\t\t\t\t\t<p class=\"elementor-heading-title elementor-size-default\">Creative Project \nManager<\/p>\t\t\t\t<\/div>\n\t\t\t\t<\/div>\n\t\t\t\t<div class=\"elementor-element elementor-element-cc9558f elementor-align-center elementor-widget elementor-widget-button\" data-id=\"cc9558f\" data-element_type=\"widget\" data-e-type=\"widget\" data-widget_type=\"button.default\">\n\t\t\t\t<div class=\"elementor-widget-container\">\n\t\t\t\t\t\t\t\t\t<div class=\"elementor-button-wrapper\">\n\t\t\t\t\t<a class=\"elementor-button elementor-button-link elementor-size-sm\" href=\"https:\/\/drlouis.us\/louis-lab\/our-team\/victor-queirolo\">\n\t\t\t\t\t\t<span class=\"elementor-button-content-wrapper\">\n\t\t\t\t\t\t\t\t\t<span class=\"elementor-button-text\">View <\/span>\n\t\t\t\t\t<\/span>\n\t\t\t\t\t<\/a>\n\t\t\t\t<\/div>\n\t\t\t\t\t\t\t\t<\/div>\n\t\t\t\t<\/div>\n\t\t\t\t<\/div>\n\t\t<div class=\"elementor-element elementor-element-a56a2da e-con-full e-flex e-con e-child\" data-id=\"a56a2da\" data-element_type=\"container\" data-e-type=\"container\" data-settings=\"{&quot;background_background&quot;:&quot;classic&quot;}\">\n\t\t\t\t<\/div>\n\t\t<div class=\"elementor-element elementor-element-706f386 e-con-full e-flex e-con e-child\" data-id=\"706f386\" data-element_type=\"container\" data-e-type=\"container\" data-settings=\"{&quot;background_background&quot;:&quot;classic&quot;}\">\n\t\t\t\t<div class=\"elementor-element elementor-element-ffbcf83 elementor-widget__width-initial elementor-widget elementor-widget-image\" data-id=\"ffbcf83\" data-element_type=\"widget\" data-e-type=\"widget\" data-widget_type=\"image.default\">\n\t\t\t\t<div class=\"elementor-widget-container\">\n\t\t\t\t\t\t\t\t\t\t\t\t\t\t\t<img loading=\"lazy\" decoding=\"async\" width=\"375\" height=\"375\" src=\"https:\/\/drlouis.us\/louis-lab\/wp-content\/uploads\/2025\/01\/image-89.png\" class=\"attachment-large size-large wp-image-15915\" alt=\"\" srcset=\"https:\/\/drlouis.us\/louis-lab\/wp-content\/uploads\/2025\/01\/image-89.png 375w, https:\/\/drlouis.us\/louis-lab\/wp-content\/uploads\/2025\/01\/image-89-300x300.png 300w, https:\/\/drlouis.us\/louis-lab\/wp-content\/uploads\/2025\/01\/image-89-150x150.png 150w\" sizes=\"(max-width: 375px) 100vw, 375px\" \/>\t\t\t\t\t\t\t\t\t\t\t\t\t\t\t<\/div>\n\t\t\t\t<\/div>\n\t\t\t\t<div class=\"elementor-element elementor-element-77c66ff elementor-widget__width-initial elementor-widget elementor-widget-image\" data-id=\"77c66ff\" data-element_type=\"widget\" data-e-type=\"widget\" data-widget_type=\"image.default\">\n\t\t\t\t<div class=\"elementor-widget-container\">\n\t\t\t\t\t\t\t\t\t\t\t\t\t\t\t<img loading=\"lazy\" decoding=\"async\" width=\"200\" height=\"50\" src=\"https:\/\/drlouis.us\/louis-lab\/wp-content\/uploads\/2025\/01\/image-83.png\" class=\"attachment-large size-large wp-image-15848\" alt=\"\" srcset=\"https:\/\/drlouis.us\/louis-lab\/wp-content\/uploads\/2025\/01\/image-83.png 200w, https:\/\/drlouis.us\/louis-lab\/wp-content\/uploads\/2025\/01\/image-83-150x38.png 150w, https:\/\/drlouis.us\/louis-lab\/wp-content\/uploads\/2025\/01\/elementor\/thumbs\/image-83-qzivo9yb2neiw1n1jo9y3abtser6ylgozucic11vj0.png 88w\" sizes=\"(max-width: 200px) 100vw, 200px\" \/>\t\t\t\t\t\t\t\t\t\t\t\t\t\t\t<\/div>\n\t\t\t\t<\/div>\n\t\t\t\t<div class=\"elementor-element elementor-element-e1c2aed elementor-widget elementor-widget-heading\" data-id=\"e1c2aed\" data-element_type=\"widget\" data-e-type=\"widget\" data-widget_type=\"heading.default\">\n\t\t\t\t<div class=\"elementor-widget-container\">\n\t\t\t\t\t<h4 class=\"elementor-heading-title elementor-size-default\">Pedro Saravia<\/h4>\t\t\t\t<\/div>\n\t\t\t\t<\/div>\n\t\t\t\t<div class=\"elementor-element elementor-element-fa828cd elementor-widget__width-initial txt_ajustable elementor-widget elementor-widget-heading\" data-id=\"fa828cd\" data-element_type=\"widget\" data-e-type=\"widget\" data-widget_type=\"heading.default\">\n\t\t\t\t<div class=\"elementor-widget-container\">\n\t\t\t\t\t<p class=\"elementor-heading-title elementor-size-default\">Web Designer and\nDeveloper<\/p>\t\t\t\t<\/div>\n\t\t\t\t<\/div>\n\t\t\t\t<div class=\"elementor-element elementor-element-7b54e0c elementor-align-center elementor-widget elementor-widget-button\" data-id=\"7b54e0c\" data-element_type=\"widget\" data-e-type=\"widget\" data-widget_type=\"button.default\">\n\t\t\t\t<div class=\"elementor-widget-container\">\n\t\t\t\t\t\t\t\t\t<div class=\"elementor-button-wrapper\">\n\t\t\t\t\t<a class=\"elementor-button elementor-button-link elementor-size-sm\" href=\"https:\/\/drlouis.us\/louis-lab\/our-team\/pedro-saravia\/\">\n\t\t\t\t\t\t<span class=\"elementor-button-content-wrapper\">\n\t\t\t\t\t\t\t\t\t<span class=\"elementor-button-text\">View <\/span>\n\t\t\t\t\t<\/span>\n\t\t\t\t\t<\/a>\n\t\t\t\t<\/div>\n\t\t\t\t\t\t\t\t<\/div>\n\t\t\t\t<\/div>\n\t\t\t\t<\/div>\n\t\t\t\t<\/div>\n\t\t\t\t\t<\/div>\n\t\t\t\t<\/div>\n\t\t<div class=\"wd-negative-gap elementor-element elementor-element-b87e3e7 e-flex e-con-boxed e-con e-parent\" data-id=\"b87e3e7\" data-element_type=\"container\" data-e-type=\"container\">\n\t\t\t\t\t<div class=\"e-con-inner\">\n\t\t\t\t\t<\/div>\n\t\t\t\t<\/div>\n\t\t\t\t<\/div>\n\t\t","protected":false},"excerpt":{"rendered":"<p>Team Work Luis Pe\u00f1a L\u00e9vano Assistant Professor of CE in Dairy Economics Dr. Luis Pe\u00f1a-L\u00e9vano is an assistant professor in<\/p>\n","protected":false},"author":1,"featured_media":0,"parent":16836,"menu_order":0,"comment_status":"closed","ping_status":"closed","template":"","meta":{"_uag_custom_page_level_css":"","footnotes":""},"class_list":["post-18249","page","type-page","status-publish","hentry"],"uagb_featured_image_src":{"full":false,"thumbnail":false,"medium":false,"medium_large":false,"large":false,"1536x1536":false,"2048x2048":false,"woocommerce_thumbnail":false,"woocommerce_single":false,"woocommerce_gallery_thumbnail":false},"uagb_author_info":{"display_name":"admin","author_link":"https:\/\/drlouis.us\/louis-lab\/author\/admin\/"},"uagb_comment_info":0,"uagb_excerpt":"Team Work Luis Pe\u00f1a L\u00e9vano Assistant Professor of CE in Dairy Economics Dr. Luis Pe\u00f1a-L\u00e9vano is an assistant professor in","_links":{"self":[{"href":"https:\/\/drlouis.us\/louis-lab\/wp-json\/wp\/v2\/pages\/18249","targetHints":{"allow":["GET"]}}],"collection":[{"href":"https:\/\/drlouis.us\/louis-lab\/wp-json\/wp\/v2\/pages"}],"about":[{"href":"https:\/\/drlouis.us\/louis-lab\/wp-json\/wp\/v2\/types\/page"}],"author":[{"embeddable":true,"href":"https:\/\/drlouis.us\/louis-lab\/wp-json\/wp\/v2\/users\/1"}],"replies":[{"embeddable":true,"href":"https:\/\/drlouis.us\/louis-lab\/wp-json\/wp\/v2\/comments?post=18249"}],"version-history":[{"count":173,"href":"https:\/\/drlouis.us\/louis-lab\/wp-json\/wp\/v2\/pages\/18249\/revisions"}],"predecessor-version":[{"id":18666,"href":"https:\/\/drlouis.us\/louis-lab\/wp-json\/wp\/v2\/pages\/18249\/revisions\/18666"}],"up":[{"embeddable":true,"href":"https:\/\/drlouis.us\/louis-lab\/wp-json\/wp\/v2\/pages\/16836"}],"wp:attachment":[{"href":"https:\/\/drlouis.us\/louis-lab\/wp-json\/wp\/v2\/media?parent=18249"}],"curies":[{"name":"wp","href":"https:\/\/api.w.org\/{rel}","templated":true}]}}